t g = 43 - 7. Suppose 4*v = -27*v - 279. Let m(w) = w**3 + 12*w**2 + 25*w - 6. Let c be m(v). Calculate the greatest common divisor of g and c.
12
Let h = 43 - 56. Let r(f) = 3*f + 34. Let n be r(h). Let p(a) = a**3 + 4*a**2 - 6*a + 4. Let v be p(n). Calculate the highest common divisor of 6 and v.
3
Let z be (-680)/180 + (-4)/18 - -77. Suppose -5*i = 11 + 4, 2*h - 3*i = z. Calculate the greatest common factor of 4 and h.
4
Suppose -764*m = -767*m + 3. Let f be (-6)/(-39) - (m + 3792/(-26)). Calculate the greatest common factor of f and 29.
29
Let z(g) = -g**3 - 7*g**2 - 4*g - 16. Let u be z(-7). Let v be 112/u*(69/12 - 2). Let t be (2 - 2/1) + 28. What is the highest common divisor of v and t?
7
Let b(z) = -4*z**2 + 8*z - 2. Let v be b(-1). Let t be (3 + -1 - v) + 1 + 3. Calculate the greatest common divisor of 8 and t.
4
Let m(o) = 48*o - 231. Let p be m(5). Calculate the greatest common divisor of p and 4707.
9
Suppose 155*z = 160*z + 2*a - 186, 5*z = -4*a + 172. What is the highest common factor of z and 1992?
8
Let i(j) = -j**3 - 7*j**2 + 6*j + 45. Let m be i(-15). Suppose -43*l + m = -30*l. Calculate the greatest common divisor of 27 and l.
27
Let a(j) = -j**3 - 10*j**2 - 8*j + 20. Suppose 3*y = -5*q - 36, -8*y = 2*q - 7*y + 15. Let r be a(q). Calculate the highest common divisor of r and 11.
11
Let x(a) = -28*a**3 - 2*a**2 - 2*a - 1. Let l be x(-1). Suppose z = -26 - 19. Let b be z*(0 - (-3)/(-5)). What is the greatest common divisor of l and b?
27
Suppose 4*c + 593 = 4*a - 5515, -2*a = 5*c - 3040. Suppose -2*x + 10 = 0, 0 = 5*v - 13*x + 9*x - a. Calculate the greatest common divisor of v and 3.
3
Suppose -k + 2413 = 3*n, 2*n - 1245 - 5994 = -3*k. Calculate the greatest common divisor of 19 and k.
19
Let c(h) = 502*h + 8678. Let r be c(-16). Calculate the highest common factor of r and 782.
34
Suppose 4*s + 28864 = 4*z, s = -114*z + 119*z - 36068. What is the greatest common divisor of z and 1?
1
Let k(v) = v**3 + 37*v**2 + 181*v + 83. Let t be k(-27). What is the greatest common divisor of t and 22?
22
Suppose 102*u = 132649 + 51155. Calculate the greatest common factor of u and 102.
34
Let j be (2/(-4))/(1/(-80)). Let i be 435 + (-33 - -22) + 16. What is the highest common divisor of i and j?
40
Let n = 1797 - 660. Suppose 0 = -15*i + n - 297. Calculate the highest common factor of i and 728.
56
Let u = -855 + 924. What is the greatest common factor of 11270 and u?
23
Suppose 5*h - 14 = -w + 7, 3*h = 3*w + 9. Suppose -h*v + 6 = 2. Let i be (-18)/(-4)*(-3 - -15 - 10). What is the highest common divisor of v and i?
1
Suppose -4*n - 5*w + 620 = -w, -n + 5*w = -155. Let r = 202 - n. Calculate the highest common factor of 47 and r.
47
Let y = 42 + -29. Let k be (81/12)/9*2*2. Suppose -143 + 572 = k*m. Calculate the greatest common divisor of y and m.
13
Let v = -18247 + 45076. What is the highest common divisor of 99 and v?
99
Suppose -5*b = -5, 3*b + 21 - 4 = 4*f. Suppose -9*j + 18 = -0. Calculate the highest common divisor of f and j.
1
Let z = -642 - -866. What is the highest common divisor of 238 and z?
14
Let u(d) = d**2 + 7*d - 4. Let s = -113 - -191. Let y be (-2)/12 - 689/s. Let p be u(y). Calculate the highest common factor of 56 and p.
14
Let j be ((-43)/2 - -10)*-198. Calculate the highest common divisor of 46 and j.
23
Suppose -8*p = 7*p - 2775. Let i be -37*(0 + -1)*1. Calculate the highest common factor of p and i.
37
Suppose -5*p + 3492 = -2*s, -5*p - 4*s - s + 3520 = 0. Let i = 744 - p. Let l(n) = -16*n - 8. Let h be l(-6). What is the highest common factor of i and h?
44
Suppose 4*q = k + 8*q - 1, 5*k - 2*q - 5 = 0. Let m(o) = 15*o**2 + 5*o - 5. Let s be m(k). Calculate the highest common factor of s and 75.
15
Let j = -30727 + 6553. Let n be 2/11 + j/(-869). What is the greatest common divisor of 4 and n?
4
Suppose 0 = 7*b - 16*b - 5*b + 378. What is the greatest common divisor of b and 963?
9
Suppose 22*z - 216 = 10*z. Let y(k) = -2*k**2 + 41*k - 74. Let n be y(z). What is the highest common divisor of n and 16?
16
Let p = 3 + -1. Let x(a) = -a**3 + 14*a**2 - 37*a - 6. Let o be x(5). Calculate the greatest common divisor of p and o.
2
Suppose -5*p + 2*g + 2*g = -9, -5*p - 2*g + 33 = 0. Suppose -p*v + 774 = 20*b - 23*b, 620 = 4*v - 2*b. Calculate the highest common factor of v and 117.
39
Let a = -257 - -234. Let z be (a - -118)*7/5. What is the highest common divisor of 7 and z?
7
Suppose 74 = 5*j + 2*o, o + 90 - 22 = 5*j. Let a = -7 + 10. Suppose 0*z = -4*f + a*z + 439, 5*f - 3*z = 551. What is the greatest common divisor of j and f?
14
Let z(x) = 12*x**2 - 331 + 159 + 165 - 49*x. Let f be z(5). What is the greatest common factor of 80 and f?
16
Let m(l) = -l**3 - 15*l**2 - 10*l + 5. Let s be m(-13). Let v = -188 - s. Let t = 32 - 17. What is the greatest common divisor of t and v?
15
Let z(j) = j**3 + 8*j**2 - 7*j - 2. Let m be z(-4). Let i = 51 + -48. Suppose i*v + v - 120 = 0. Calculate the greatest common divisor of m and v.
30
Suppose -32830 = -2*t + 2*d, -d + 76271 = 3*t + 27050. What is the greatest common factor of 61 and t?
61
Let y(h) = -h**3 + 18*h**2 - 67*h + 27. Let s be y(12). Calculate the greatest common factor of 12 and s.
3
Let w(a) = 5*a - 3. Let v be w(2). Let q(l) = 12*l**2 + 3*l + 7. Let u be q(-2). Suppose 0 = 2*y - 9*y + u. Calculate the highest common divisor of y and v.
7
Suppose 0 = -36*i + 9268 + 7575 - 4531. Calculate the highest common divisor of 950 and i.
38
Suppose -85*g = -97*g + 18060. Calculate the highest common divisor of g and 105.
35
Let h(g) = 5*g - 11. Let y be h(2). Let k be (1 - -3)/y + 1904/14. Calculate the greatest common factor of 33 and k.
33
Suppose 0 = 6*g - 9*g + 330. Suppose -3*b - 3*d - 8 = -5*d, 3*b + d = -14. Let q be (-896)/(-88) + b/22. Calculate the greatest common factor of g and q.
10
Suppose 179*v - 57*v - 621 = 843. What is the highest common factor of v and 27012?
12
Let a(k) = 14*k**2 + 6*k. Let l be a(-5). Let g(h) = -21*h + 724. Let p be g(34). What is the greatest common factor of l and p?
10
Let k = -1166 - -1171. What is the highest common factor of 13 and k?
1
Suppose -96*n + 1294650 = 9*n + 105*n. What is the greatest common divisor of 90 and n?
45
Suppose -2*l + 98 = -2*y, -4*l - y = y - 196. Suppose 4*g - 769 = 5*o, -73*g - 4*o = -75*g + 380. What is the greatest common factor of l and g?
49
Let p = -2486 + 2777. What is the highest common factor of p and 3?
3
Let r(g) = 339*g + 3411. Let d be r(-10). Calculate the greatest common divisor of 17 and d.
1
Let r(x) = -x**2 - 7*x. Let b be r(-6). Let k = -110 + 110. Let a be k/(-4) + 0 - (-4 - -1). Calculate the highest common divisor of b and a.
3
Suppose -2*m - 5*z = -65, -m + z = 4*m - 149. What is the greatest common divisor of 4155 and m?
15
Let j = 409 - 149. Calculate the highest common divisor of 2470 and j.
130
Suppose 64*v = 59*v - 50. Let j = 12 + v. Let n = -27 - -28. Calculate the greatest common divisor of n and j.
1
Suppose 222 = -9*c + 888. Let a = 4 - c. Let x = a - -145. What is the highest common divisor of x and 45?
15
Let v be ((-18)/15)/((-14)/560). What is the highest common divisor of v and 552?
24
Let x be (-2)/(-6)*2*1884/4. Suppose -33*u + 34*u = -x. Let r = -152 - u. Calculate the greatest common divisor of 18 and r.
18
Suppose -2*b = 35*z - 30*z - 681, b = 4*z + 334. What is the highest common divisor of b and 182?
26
Let t = 7199 + -6864. What is the greatest common divisor of t and 45?
5
Suppose 454 + 166 + 292 = 38*q. Calculate the highest common divisor of q and 7836.
12
Let h(u) = -u**3 + 11*u**2 + u - 2. Let r be h(11). Let g = 234 + -198. Calculate the greatest common divisor of r and g.
9
Let z(d) = -29*d - 38. Let m be z(-4). Suppose -80*c = -m*c + 224. Let x be ((-96)/c)/((-2)/(-14)). What is the greatest common factor of 54 and x?
6
Let t(u) = u**2 - 43*u + 70. Let b be t(-6). Calculate the greatest common divisor of 286 and b.
26
Suppose -10*g + 7*g + 116 = 5*a, -g = 4*a - 34. Calculate the highest common divisor of g and 140.
14
Suppose -3*n + 78 = -y, -y - 376 = n - 394. Let h = -47 + 360. Suppose 309*v - h*v = -n. What is the highest common factor of 15 and v?
3
Let p(w) = w**3 - 4 + 2*w**3 - 2*w**3 + 5*w**2 - 2*w. Let n be p(-5). Let l = 4707 - 4689. C